emainder when p is divided by 123?
9
Let h(m) = -7*m - 2. Let g(r) = -3582*r + 3747. Calculate the remainder when g(1) is divided by h(-2).
9
Suppose -16 = 4*z, -t + 46 - 18 = -3*z. Calculate the remainder when 71661 is divided by t.
13
Let p = 1196 - 1066. Calculate the remainder when p is divided by 61.
8
Let b(z) = 8*z - 1. Let o(l) = -3 - 22*l + 6 + 7*l. Let v(u) = -7*b(u) - 4*o(u). What is the remainder when 11 is divided by v(3)?
4
Let h(u) = -u**3 + 8*u**2 - 4*u**3 - 8 + 4*u**3 + 29*u + 3*u**2. Suppose -2*z + 23 = z - 4*a, 8 = 2*a. What is the remainder when h(z) is divided by 16?
15
Let s = 129 - 133. What is the remainder when ((-342)/s)/(5/50*5) is divided by 29?
26
Let u(n) = 10*n**2 + 105*n + 1368. Calculate the remainder when u(-23) is divided by 51.
10
Let d(a) = -a**2 - 74*a + 1907. Suppose 2*z - 4*z + 10 = 0. Suppose 4*p - y = 191, p = -4*p - z*y + 245. What is the remainder when d(19) is divided by p?
44
Suppose -14*a + 79*a = 8425 - 2575. Suppose 3*x = x - 3*u + 51, 3*u = 4*x - 111. What is the remainder when a is divided by x?
9
Suppose -16*s - 5*s + 315 = 0. Suppose -4*c = -2*c. Suppose c = -2*m + 82 - 2. What is the remainder when m is divided by s?
10
Suppose -26*t - 45240 = -98*t + 7*t. What is the remainder when t is divided by 37?
30
Let c(a) = 168*a**3 + 2*a**2 - a. Let k(l) = 298*l + 2403. What is the remainder when c(1) is divided by k(-8)?
17
Suppose 51*d - 53*d = -66. Suppose -5*q + 2*z = -3*z - 5, 0 = 3*q + z - 7. Calculate the remainder when ((-7)/q)/(2/(-36)) is divided by d.
30
Let f be 4/4*-2*-2. Suppose 37 = v - 3*n, -f*n + 152 = 4*v - 60. Let r = 248 - v. Calculate the remainder when r is divided by 40.
39
Let a(p) = p**2 + p - 4. Let d be a(-3). Suppose -23 - 7 = -d*x. Suppose 0 = 518*z - 517*z + o - 9, 4*o = 2*z. What is the remainder when x is divided by z?
3
Suppose -46*x + 232 + 274 = 0. Suppose 6*m - 298 = 4*m - 3*r, 3*m - 4*r - 464 = 0. What is the remainder when m is divided by x?
9
Suppose -5*r - 19 = -4. Let c(p) = -p. Let t be c(r). Suppose 0 = -2*u + 2*f + 40, -f + t = -0*f. Calculate the remainder when u is divided by 10.
3
Let k(q) = q**3 + 47*q**2 - 53*q + 142. Calculate the remainder when k(-48) is divided by 46.
14
Suppose -5*f - 134 = -5*v + 136, 0 = 2*v + 4*f - 102. Suppose 4*m + v - 187 = -y, 0 = 4*y + 8. Calculate the remainder when 201 is divided by m.
31
Let z be (949/65)/((-4)/(-20)). Let g = z - 60. Calculate the remainder when 51 is divided by g.
12
Suppose 2*o + 7 = 33. Suppose -5*f - 2*g + 323 = 0, g - 122 = f - 181. Calculate the remainder when f is divided by o.
11
Suppose 353*z + 333 = 356*z. Let x be 4/22 - (-938)/(-77). Let d(s) = -4*s - 10. Calculate the remainder when z is divided by d(x).
35
Let p(d) = -3*d**2 - 44*d - 171. Let u be p(-26). Calculate the remainder when u/(5 - (16 - 6)) is divided by 27.
22
Let r = -6029 + 8128. Calculate the remainder when r is divided by 50.
49
Let s(y) = y**3 - 14*y**2 + 7*y - 13. Suppose 5*o = 5*x - 45, -2*x = 5*o - 14 - 39. Calculate the remainder when s(x) is divided by 23.
16
Let u = -1 - -1. Suppose p + k + 4*k - 55 = u, -2*p + 4*k = -180. Let z = -144 + 165. Calculate the remainder when p is divided by z.
17
Let y(w) = -465*w - 54. Let p be y(-3). Suppose -12*b = -15*b + p. Calculate the remainder when b is divided by 90.
87
Let a(y) = -y + 9. Let x be a(4). Suppose -5*h = 5*f - h - 610, 5*h - 615 = -x*f. What is the remainder when f is divided by 17?
16
Suppose 5*r - 71 = -3*y, 3*y - 18 = 5*r - 77. Calculate the remainder when ((-8)/(80/130))/(1/(-4)) is divided by r.
0
Calculate the remainder when (-4*58/16*-7)/((-33)/(-462)) is divided by 179.
168
Suppose 0 = 5*m + 5*b - 65, -5*m + 97 - 30 = 3*b. Calculate the remainder when 57/12*(876/108 - (-3)/(-27)) is divided by m.
10
Let s = -61 - -108. What is the remainder when (-374787)/1322*(-1 + 3/9) is divided by s?
1
Suppose -2*v - 2*k + 308 = 0, -4*v - 3*k + 609 = 8. What is the remainder when v is divided by 1/(-8)*-14*16?
27
Suppose 2*b = -v + 5*v + 100, 62 = b - 5*v. Suppose 0 = -b*g + 44*g - 58. Calculate the remainder when 172 is divided by g.
27
Suppose -5*s - 70*u = -69*u - 2527, 3*s - 2*u - 1498 = 0. Calculate the remainder when s is divided by 101.
100
Calculate the remainder when 730 is divided by 78 - 1 - (0 + -17).
72
Suppose 0*s + 18 = s. Let y(o) = -49 + 235*o + 3*o**2 - 4*o**2 - 260*o. What is the remainder when y(-20) is divided by s?
15
Calculate the remainder when 1072 is divided by (19877/11)/13 + 16.
142
Suppose -45*p + 257945 = -19*p + 52467. Calculate the remainder when p is divided by 93.
91
Suppose 11*z - 9025 - 3504 = 0. Calculate the remainder when 147 is divided by z/15 - 2/(-30).
71
Let d = -3 + 30. Suppose 11*m - 25*m + 6160 = 0. Suppose 2*f + 378 = 4*g, 3*g - m = -2*g - 4*f. Calculate the remainder when g is divided by d.
11
Suppose 0 = 3*v - 22 - 44. Suppose -v = -4*d + 130. Suppose -4*k = -3*q - 45, 2*k + k = -2*q + d. What is the remainder when 119 is divided by k?
11
Let r(j) = 5*j**2 + 9*j - 4. Let d be r(-3). Suppose 493 = d*x - 529. Calculate the remainder when x is divided by 21.
10
Let g be 7/(14/12) + -1. Let y = 1045 - 1040. Let l = y + g. What is the remainder when 19 is divided by l?
9
Let k = 254 + -247. Suppose -237 = k*t - 615. What is the remainder when t is divided by 14?
12
Let q(s) = -2*s**3 - 5*s**2 - 25*s - 69. Calculate the remainder when 1644 is divided by q(-3).
9
Suppose -293*h - 27033 + 60721 = 916*h - 43688. Let x(m) = -31*m + 7. Calculate the remainder when x(-5) is divided by h.
34
Let u(q) = -1 - 8 - 12 - 15*q. Calculate the remainder when 91 is divided by u(-3).
19
Let c = 0 + 1. Let j(k) = k**3 + 70*k**2 - 208*k + 836. What is the remainder when c/((-2)/(-188)) + 2 is divided by j(-73)?
30
Let y be (-33 + -1)/((-6)/9). Suppose -69 = -4*q + y. Let r(h) = 19*h**2 - 2*h - 4. Calculate the remainder when q is divided by r(-1).
13
Let c = -190 - -192. Suppose 5*d = 25, c*l - 5*d = -3*d + 30. What is the remainder when 217 is divided by l?
17
Let j(v) = -6*v + 12. Let t be (-2)/(-2)*5 - 6 - 3. What is the remainder when 241 is divided by j(t)?
25
Suppose 53*w + 3*w + 7*w - 3402 = 0. Let d be (-5)/(-10)*(9 - -1). Suppose -d*y = v + 3*v - 42, -2 = v. What is the remainder when w is divided by y?
4
Suppose 0 = -k + 2*r - 99, -2*r - 192 = k + k. Let d = 5 + 15. Calculate the remainder when k/(3 - (8 - 4)) is divided by d.
17
Let c = 1233 + -2533. Calculate the remainder when (c/(-182))/((-8)/(-7) - 1) is divided by 3.
2
Let v = 3317 + 6413. What is the remainder when v is divided by 37?
36
Let r = 16334 - 16312. What is the remainder when 341 is divided by r?
11
Suppose -3*b - 4 = -5*b. Suppose b*g - 3*g + 18 = 0. Let v = -4973 - -5043. Calculate the remainder when v is divided by g.
16
Let u(n) = -2*n**3 + 18*n**2 - 7*n - 16. Calculate the remainder when 384 is divided by u(5).
86
Let n be (221 - 4/(-4)) + 4. Suppose h - 1 = 0, 0*w - n = -3*w - 4*h. What is the remainder when w is divided by 15?
14
Suppose -412 = 4*v - 808. Let j(f) = -41*f - 41. Let k be j(-7). Suppose -k = -3*h + v. What is the remainder when h is divided by 20?
15
Suppose 2*r - 3483 = -5*p, -2*p = 839*r - 843*r + 6978. What is the remainder when r is divided by 107?
32
Let o(h) = -h**2 + 24*h - 19. Let f be 1232/68 + 3 - (-10)/(-85). What is the remainder when 126 is divided by o(f)?
38
Suppose -79 - 89 = -3*l. Let z = -27858 + 27888. What is the remainder when l is divided by z?
26
Suppose 0 = 44*x - 111 - 109. What is the remainder when 22 + (-2)/(-1) + -3 is divided by (12 - x - 3)*(-15)/(-20)?
0
Suppose 2343 = -8*h - 289. Let y = h - -400. Calculate the remainder when y is divided by 65.
6
Let y(m) = m**2 + m + 1. Let v = -9578 - -9674. What is the remainder when v is divided by y(7)?
39
Suppose 2*w - 751 + 129 = 0. Suppose -w = -10*a + 49. Let o = a + 11. Calculate the remainder when o is divided by 16.
15
Let x = 657 - 1037. Let m = x + 391. Calculate the remainder when 13 is divided by m.
2
Suppose 0 = 2*f + 6, -6*p - 5*f - 6527 + 16898 = 0. What is the remainder when p is divided by 34?
31
Let c(v) = -20*v**3 + 3*v + 1. Suppose 144 = 4*r - 4*p, -1595*r - 28 = -1596*r + 2*p. What is the remainder when c(-2) is divided by r?
23
Suppose -3*c - 18 =